{"id":5212,"date":"2020-10-16T10:26:21","date_gmt":"2020-10-16T08:26:21","guid":{"rendered":"https:\/\/www.horizontresort.sk\/szolgaltatasok\/aktivity-v-okoli\/"},"modified":"2026-03-16T16:25:29","modified_gmt":"2026-03-16T15:25:29","slug":"kornyekbeli-programok","status":"publish","type":"page","link":"https:\/\/www.horizontresort.sk\/hu\/szolgaltatasok\/kornyekbeli-programok\/","title":{"rendered":"K\u00f6rny\u00e9kbeli programok"},"content":{"rendered":"<h2>\u00c9lje \u00e1t a Magas-T\u00e1tra var\u00e1zs\u00e1t teljes eg\u00e9sz\u00e9ben<\/h2>\n<div class=\"gdc_row\">\n<div class=\"gdc_column gdc_chalf\">\n<div class=\"gdc_inner\">\n<h3>Fedezze fel a T\u00e1tra ny\u00e1ri arc\u00e1t<\/h3>\n<p>Legyen sz\u00f3 akt\u00edv t\u00far\u00e1z\u00e1sr\u00f3l, kellemes s\u00e9t\u00e1r\u00f3l vagy panor\u00e1m\u00e1s felvon\u00f3s kir\u00e1ndul\u00e1sr\u00f3l, itt mindenki megtal\u00e1lja a sz\u00e1m\u00e1ra ide\u00e1lis programot. Utazzon fel k\u00f6t\u00e9lp\u00e1ly\u00e1s felvon\u00f3val a Lomnici-cs\u00facsra, a Tarajk\u00e1ra (Hrebienok) vagy a K\u0151-patak v\u00f6lgy\u00e9ben fekv\u0151 Tengerszemhez (Skalnat\u00e9 pleso).<\/p>\n<p>Fedezze fel a Csorba-t\u00f3 vagy a Z\u00f6ld-t\u00f3 leny\u0171g\u00f6z\u0151 sz\u00e9ps\u00e9g\u00e9t, amelyek a r\u00e9gi\u00f3 legszebb t\u00fara\u00fatvonalai k\u00f6z\u00e9 tartoznak. Ne hagyja ki a var\u00e1zslatos B\u00e9lai-cseppk\u0151barlangot, amely cseppk\u00f6veivel, tavaival \u00e9s a f\u00f6ld m\u00e9ly\u00e9n rejl\u0151 t\u00f6rt\u00e9neteivel k\u00e1pr\u00e1ztat el. Ha csendesebb kikapcsol\u00f3d\u00e1sra v\u00e1gyik, Star\u00e1 Lesn\u00e1t\u00f3l mind\u00f6ssze n\u00e9h\u00e1ny percre tal\u00e1lhat\u00f3 a Black Stork Golf Resort Ve\u013ek\u00e1 Lomnic\u00e1n, egy 27 lyuk\u00fa golfp\u00e1lya, amely K\u00f6z\u00e9p-Eur\u00f3pa egyik legszebbje.<\/p>\n<p>Ny\u00e1ron a T\u00e1tra a ker\u00e9kp\u00e1rosok paradicsoma is. K\u00fcl\u00f6nb\u00f6z\u0151 neh\u00e9zs\u00e9g\u0171, kijel\u00f6lt ker\u00e9kp\u00e1rutak v\u00e1rj\u00e1k, mint a n\u00e9pszer\u0171 T\u00e1trai f\u0151\u00fat (Tatransk\u00e1 magistr\u00e1la) vagy a Hrebienokt\u00f3l a Szil\u00e9ziai-h\u00e1zig vezet\u0151 \u00fatvonal.<\/p>\n<\/div>\n<\/div>\n<div class=\"gdc_column gdc_chalf\">\n<div class=\"gdc_inner\">\n<p><img loading=\"lazy\" decoding=\"async\" class=\"alignnone wp-image-3654 size-large\" src=\"https:\/\/www.horizontresort.sk\/wp-content\/uploads\/2025\/04\/strbske-pleso-3231824_1920-1600x1067.jpg\" alt=\"\" width=\"1600\" height=\"1067\" srcset=\"https:\/\/www.horizontresort.sk\/wp-content\/uploads\/2025\/04\/strbske-pleso-3231824_1920-1600x1067.jpg 1600w, https:\/\/www.horizontresort.sk\/wp-content\/uploads\/2025\/04\/strbske-pleso-3231824_1920-300x200.jpg 300w, https:\/\/www.horizontresort.sk\/wp-content\/uploads\/2025\/04\/strbske-pleso-3231824_1920-768x512.jpg 768w, https:\/\/www.horizontresort.sk\/wp-content\/uploads\/2025\/04\/strbske-pleso-3231824_1920-1536x1024.jpg 1536w, https:\/\/www.horizontresort.sk\/wp-content\/uploads\/2025\/04\/strbske-pleso-3231824_1920.jpg 1920w\" sizes=\"auto, (max-width: 1600px) 100vw, 1600px\" \/><\/p>\n<\/div>\n<\/div>\n<\/div>\n<div class=\"gdc_row\">\n<div class=\"gdc_column gdc_chalf\">\n<div class=\"gdc_inner\">\n<img loading=\"lazy\" decoding=\"async\" class=\"alignnone wp-image-3658 size-full\" src=\"https:\/\/www.horizontresort.sk\/wp-content\/uploads\/2025\/04\/cable-car-854520_1280.jpg\" alt=\"\" width=\"1280\" height=\"960\" srcset=\"https:\/\/www.horizontresort.sk\/wp-content\/uploads\/2025\/04\/cable-car-854520_1280.jpg 1280w, https:\/\/www.horizontresort.sk\/wp-content\/uploads\/2025\/04\/cable-car-854520_1280-300x225.jpg 300w, https:\/\/www.horizontresort.sk\/wp-content\/uploads\/2025\/04\/cable-car-854520_1280-768x576.jpg 768w\" sizes=\"auto, (max-width: 1280px) 100vw, 1280px\" \/>\n<\/div>\n<\/div>\n<div class=\"gdc_column gdc_chalf\">\n<div class=\"gdc_inner\">\n<h3>T\u00e9len, amikor a term\u00e9szet mes\u00e9v\u00e9 v\u00e1lik<\/h3>\n<p>Amikor a t\u00e1jat feh\u00e9r h\u00f3takar\u00f3 bor\u00edtja, a Magas-T\u00e1tra igazi t\u00e9li csodavil\u00e1gg\u00e1 alakul. Tegyen egy t\u00e9li s\u00e9t\u00e1t a befagyott Csorba-t\u00f3hoz, vagy \u00e9lvezze a l\u00e9legzetel\u00e1ll\u00edt\u00f3 kil\u00e1t\u00e1st a Lomnici-cs\u00facsr\u00f3l, ahov\u00e1 t\u00e9len is felvisz a felvon\u00f3.<\/p>\n<p>A T\u00e1tra t\u00f6bb kilom\u00e9ternyi karbantartott s\u00edfut\u00f3p\u00e1ly\u00e1t k\u00edn\u00e1l, romantikus lovassz\u00e1nos kir\u00e1ndul\u00e1sokat, valamint igazi adrenalint a 2,5 km hossz\u00fa sz\u00e1nk\u00f3p\u00e1ly\u00e1n a Tarajk\u00e1t\u00f3l \u00d3t\u00e1traf\u00fcredig.<\/p>\n<h3>Kult\u00fara t\u00e1trai hangulattal<\/h3>\n<p>A T\u00e1tra nemcsak term\u00e9szeti sz\u00e9ps\u00e9geir\u0151l h\u00edres, hanem gazdag t\u00f6rt\u00e9nelemmel \u00e9s \u00e9l\u0151 kult\u00far\u00e1val is rendelkezik. Ismerje meg a r\u00e9gi\u00f3t a cs\u00facsokon t\u00fal is. L\u00e1togassa meg a TANAP M\u00fazeumot T\u00e1tralomnicban, \u00e9s mer\u00fclj\u00f6n el a t\u00e1trai term\u00e9szet \u00e9s a term\u00e9szetv\u00e9delem leny\u0171g\u00f6z\u0151 vil\u00e1g\u00e1ban.<\/p>\n<p>Ne hagyja ki a botanikus kertet, amely bemutatja a hegyvid\u00e9ki n\u00f6v\u00e9nyvil\u00e1g soksz\u00edn\u0171s\u00e9g\u00e9t \u00e9s sz\u00e9ps\u00e9g\u00e9t.<\/p>\n<\/div>\n<\/div>\n<\/div>\n<h3>Adrenalin a T\u00e1tr\u00e1ban<\/h3>\n<p>Ha egy kis izgalomra v\u00e1gyik, a Magas-T\u00e1tra a legb\u00e1trabbak sz\u00e1m\u00e1ra is tartogat \u00e9lm\u00e9nyeket. Sziklam\u00e1sz\u00e1s \u00e9s via ferrata utak v\u00e1rj\u00e1k, amelyek pr\u00f3b\u00e1ra teszik b\u00e1tors\u00e1g\u00e1t \u00e9s \u00e1ll\u00f3k\u00e9pess\u00e9g\u00e9t. Ny\u00e1ron adrenalinos hegyiker\u00e9kp\u00e1ros p\u00e1ly\u00e1kon tekerhet, vagy rollerrel ereszkedhet le a 3 km hossz\u00fa aszfaltozott p\u00e1ly\u00e1n a Start \u00e1llom\u00e1st\u00f3l T\u00e1tralomnicig.<\/p>\n<p>A magass\u00e1g szerelmeseinek a sikl\u00f3erny\u0151z\u00e9s is el\u00e9rhet\u0151, amelynek k\u00f6sz\u00f6nhet\u0151en mad\u00e1rt\u00e1vlatb\u00f3l csod\u00e1lhatja meg a T\u00e1tr\u00e1t. Engedje, hogy mag\u00e1val ragadja egy felejthetetlen kaland.<\/p>\n<div class=\"gdc_row\">\n<div class=\"gdc_column gdc_chalf\">\n<div class=\"gdc_inner\">\n<h3>A T\u00e1tra a gyermekek szem\u00e9vel<\/h3>\n<p>A legkisebbek sem fognak unatkozni. Star\u00e1 Lesn\u00e1 k\u00f6rny\u00e9ke sz\u00e1mtalan kalandot k\u00edn\u00e1l, amelyek minden napot felejthetetlenn\u00e9 tesznek. Vigye el gyermekeit a M\u00f3kus K\u00f6t\u00e9lparkba Csorba-t\u00f3n\u00e1l, fedezz\u00e9k fel az ill\u00fazi\u00f3k var\u00e1zslatos vil\u00e1g\u00e1t a Tricklandi\u00e1ban, vagy l\u00e1togassanak el a Dobr\u00e1 Hra\u010dka Gal\u00e9ri\u00e1ba T\u00e1tralomnicban.<\/p>\n<p>\u00dajt\u00e1traf\u00fcreden megtal\u00e1lj\u00e1k a T\u00e1trai Fah\u00e1zak Kir\u00e1lys\u00e1g\u00e1t, amely j\u00e1t\u00e9kos form\u00e1ban mutatja be a term\u00e9szet sz\u00e9ps\u00e9g\u00e9t. A nevet\u00e9sr\u0151l \u00e9s a j\u00f3kedvr\u0151l pedig a Poliankovo Tatransk\u00e1 Poliank\u00e1n vagy az Orl\u00edkovo Csorba-t\u00f3n\u00e1l gondoskodik, ahol a nap tele lesz j\u00e1t\u00e9kkal, felfedez\u00e9ssel \u00e9s \u00f6r\u00f6mmel.<\/p>\n<\/div>\n<\/div>\n<div class=\"gdc_column gdc_chalf\">\n<div class=\"gdc_inner\">\n<img loading=\"lazy\" decoding=\"async\" class=\"alignnone size-full wp-image-3662\" src=\"https:\/\/www.horizontresort.sk\/wp-content\/uploads\/2025\/04\/legs-3842677_1280.jpg\" alt=\"\" width=\"1280\" height=\"853\" srcset=\"https:\/\/www.horizontresort.sk\/wp-content\/uploads\/2025\/04\/legs-3842677_1280.jpg 1280w, https:\/\/www.horizontresort.sk\/wp-content\/uploads\/2025\/04\/legs-3842677_1280-300x200.jpg 300w, https:\/\/www.horizontresort.sk\/wp-content\/uploads\/2025\/04\/legs-3842677_1280-768x512.jpg 768w\" sizes=\"auto, (max-width: 1280px) 100vw, 1280px\" \/>\n<\/div>\n<\/div>\n<\/div>\n<p>A T\u00e1tra olyan hely, ahol a term\u00e9szet sz\u00e9ps\u00e9ge t\u00f6k\u00e9letes pihen\u00e9ssel p\u00e1rosul. Mindez mind\u00f6ssze egy l\u00e9p\u00e9sre az \u00d6n sz\u00e1ll\u00e1s\u00e1t\u00f3l.<\/p>\n","protected":false},"excerpt":{"rendered":"<p>\u00c9lje \u00e1t a Magas-T\u00e1tra var\u00e1zs\u00e1t teljes eg\u00e9sz\u00e9ben Adrenalin a T\u00e1tr\u00e1ban Ha egy kis izgalomra v\u00e1gyik, a Magas-T\u00e1tra a legb\u00e1trabbak sz\u00e1m\u00e1ra is tartogat \u00e9lm\u00e9nyeket. Sziklam\u00e1sz\u00e1s \u00e9s via ferrata utak v\u00e1rj\u00e1k, amelyek pr\u00f3b\u00e1ra teszik b\u00e1tors\u00e1g\u00e1t \u00e9s \u00e1ll\u00f3k\u00e9pess\u00e9g\u00e9t. Ny\u00e1ron adrenalinos hegyiker\u00e9kp\u00e1ros p\u00e1ly\u00e1kon tekerhet, vagy rollerrel ereszkedhet le a 3 km hossz\u00fa aszfaltozott p\u00e1ly\u00e1n a Start \u00e1llom\u00e1st\u00f3l T\u00e1tralomnicig. A&#8230;<\/p>\n","protected":false},"author":1,"featured_media":4818,"parent":5188,"menu_order":39,"comment_status":"closed","ping_status":"closed","template":"","meta":{"footnotes":""},"class_list":["post-5212","page","type-page","status-publish","has-post-thumbnail","hentry"],"acf":[],"aioseo_notices":[],"_links":{"self":[{"href":"https:\/\/www.horizontresort.sk\/hu\/wp-json\/wp\/v2\/pages\/5212","targetHints":{"allow":["GET"]}}],"collection":[{"href":"https:\/\/www.horizontresort.sk\/hu\/wp-json\/wp\/v2\/pages"}],"about":[{"href":"https:\/\/www.horizontresort.sk\/hu\/wp-json\/wp\/v2\/types\/page"}],"author":[{"embeddable":true,"href":"https:\/\/www.horizontresort.sk\/hu\/wp-json\/wp\/v2\/users\/1"}],"replies":[{"embeddable":true,"href":"https:\/\/www.horizontresort.sk\/hu\/wp-json\/wp\/v2\/comments?post=5212"}],"version-history":[{"count":3,"href":"https:\/\/www.horizontresort.sk\/hu\/wp-json\/wp\/v2\/pages\/5212\/revisions"}],"predecessor-version":[{"id":5249,"href":"https:\/\/www.horizontresort.sk\/hu\/wp-json\/wp\/v2\/pages\/5212\/revisions\/5249"}],"up":[{"embeddable":true,"href":"https:\/\/www.horizontresort.sk\/hu\/wp-json\/wp\/v2\/pages\/5188"}],"wp:featuredmedia":[{"embeddable":true,"href":"https:\/\/www.horizontresort.sk\/hu\/wp-json\/wp\/v2\/media\/4818"}],"wp:attachment":[{"href":"https:\/\/www.horizontresort.sk\/hu\/wp-json\/wp\/v2\/media?parent=5212"}],"curies":[{"name":"wp","href":"https:\/\/api.w.org\/{rel}","templated":true}]}}

Környékbeli programok

<h2>Élje át a Magas-Tátra varázsát teljes egészében</h2>
<div class="gdc_row">
<div class="gdc_column gdc_chalf">
<div class="gdc_inner">
<h3>Fedezze fel a Tátra nyári arcát</h3>
<p>Legyen szó aktív túrázásról, kellemes sétáról vagy panorámás felvonós kirándulásról, itt mindenki megtalálja a számára ideális programot. Utazzon fel kötélpályás felvonóval a Lomnici-csúcsra, a Tarajkára (Hrebienok) vagy a Kő-patak völgyében fekvő Tengerszemhez (Skalnaté pleso).</p>
<p>Fedezze fel a Csorba-tó vagy a Zöld-tó lenyűgöző szépségét, amelyek a régió legszebb túraútvonalai közé tartoznak. Ne hagyja ki a varázslatos Bélai-cseppkőbarlangot, amely cseppköveivel, tavaival és a föld mélyén rejlő történeteivel kápráztat el. Ha csendesebb kikapcsolódásra vágyik, Stará Lesnától mindössze néhány percre található a Black Stork Golf Resort Veľká Lomnicán, egy 27 lyukú golfpálya, amely Közép-Európa egyik legszebbje.</p>
<p>Nyáron a Tátra a kerékpárosok paradicsoma is. Különböző nehézségű, kijelölt kerékpárutak várják, mint a népszerű Tátrai főút (Tatranská magistrála) vagy a Hrebienoktól a Sziléziai-házig vezető útvonal.</p>
</div>
</div>
<div class="gdc_column gdc_chalf">
<div class="gdc_inner">
<p><img loading="lazy" decoding="async" class="alignnone wp-image-3654 size-large" src="https://www.horizontresort.sk/wp-content/uploads/2025/04/strbske-pleso-3231824_1920-1600x1067.jpg" alt="" width="1600" height="1067" srcset="https://www.horizontresort.sk/wp-content/uploads/2025/04/strbske-pleso-3231824_1920-1600x1067.jpg 1600w, https://www.horizontresort.sk/wp-content/uploads/2025/04/strbske-pleso-3231824_1920-300x200.jpg 300w, https://www.horizontresort.sk/wp-content/uploads/2025/04/strbske-pleso-3231824_1920-768x512.jpg 768w, https://www.horizontresort.sk/wp-content/uploads/2025/04/strbske-pleso-3231824_1920-1536x1024.jpg 1536w, https://www.horizontresort.sk/wp-content/uploads/2025/04/strbske-pleso-3231824_1920.jpg 1920w" sizes="auto, (max-width: 1600px) 100vw, 1600px" /></p>
</div>
</div>
</div>
<div class="gdc_row">
<div class="gdc_column gdc_chalf">
<div class="gdc_inner">
<img loading="lazy" decoding="async" class="alignnone wp-image-3658 size-full" src="https://www.horizontresort.sk/wp-content/uploads/2025/04/cable-car-854520_1280.jpg" alt="" width="1280" height="960" srcset="https://www.horizontresort.sk/wp-content/uploads/2025/04/cable-car-854520_1280.jpg 1280w, https://www.horizontresort.sk/wp-content/uploads/2025/04/cable-car-854520_1280-300x225.jpg 300w, https://www.horizontresort.sk/wp-content/uploads/2025/04/cable-car-854520_1280-768x576.jpg 768w" sizes="auto, (max-width: 1280px) 100vw, 1280px" />
</div>
</div>
<div class="gdc_column gdc_chalf">
<div class="gdc_inner">
<h3>Télen, amikor a természet mesévé válik</h3>
<p>Amikor a tájat fehér hótakaró borítja, a Magas-Tátra igazi téli csodavilággá alakul. Tegyen egy téli sétát a befagyott Csorba-tóhoz, vagy élvezze a lélegzetelállító kilátást a Lomnici-csúcsról, ahová télen is felvisz a felvonó.</p>
<p>A Tátra több kilométernyi karbantartott sífutópályát kínál, romantikus lovasszános kirándulásokat, valamint igazi adrenalint a 2,5 km hosszú szánkópályán a Tarajkától Ótátrafüredig.</p>
<h3>Kultúra tátrai hangulattal</h3>
<p>A Tátra nemcsak természeti szépségeiről híres, hanem gazdag történelemmel és élő kultúrával is rendelkezik. Ismerje meg a régiót a csúcsokon túl is. Látogassa meg a TANAP Múzeumot Tátralomnicban, és merüljön el a tátrai természet és a természetvédelem lenyűgöző világában.</p>
<p>Ne hagyja ki a botanikus kertet, amely bemutatja a hegyvidéki növényvilág sokszínűségét és szépségét.</p>
</div>
</div>
</div>
<h3>Adrenalin a Tátrában</h3>
<p>Ha egy kis izgalomra vágyik, a Magas-Tátra a legbátrabbak számára is tartogat élményeket. Sziklamászás és via ferrata utak várják, amelyek próbára teszik bátorságát és állóképességét. Nyáron adrenalinos hegyikerékpáros pályákon tekerhet, vagy rollerrel ereszkedhet le a 3 km hosszú aszfaltozott pályán a Start állomástól Tátralomnicig.</p>
<p>A magasság szerelmeseinek a siklóernyőzés is elérhető, amelynek köszönhetően madártávlatból csodálhatja meg a Tátrát. Engedje, hogy magával ragadja egy felejthetetlen kaland.</p>
<div class="gdc_row">
<div class="gdc_column gdc_chalf">
<div class="gdc_inner">
<h3>A Tátra a gyermekek szemével</h3>
<p>A legkisebbek sem fognak unatkozni. Stará Lesná környéke számtalan kalandot kínál, amelyek minden napot felejthetetlenné tesznek. Vigye el gyermekeit a Mókus Kötélparkba Csorba-tónál, fedezzék fel az illúziók varázslatos világát a Tricklandiában, vagy látogassanak el a Dobrá Hračka Galériába Tátralomnicban.</p>
<p>Újtátrafüreden megtalálják a Tátrai Faházak Királyságát, amely játékos formában mutatja be a természet szépségét. A nevetésről és a jókedvről pedig a Poliankovo Tatranská Poliankán vagy az Orlíkovo Csorba-tónál gondoskodik, ahol a nap tele lesz játékkal, felfedezéssel és örömmel.</p>
</div>
</div>
<div class="gdc_column gdc_chalf">
<div class="gdc_inner">
<img loading="lazy" decoding="async" class="alignnone size-full wp-image-3662" src="https://www.horizontresort.sk/wp-content/uploads/2025/04/legs-3842677_1280.jpg" alt="" width="1280" height="853" srcset="https://www.horizontresort.sk/wp-content/uploads/2025/04/legs-3842677_1280.jpg 1280w, https://www.horizontresort.sk/wp-content/uploads/2025/04/legs-3842677_1280-300x200.jpg 300w, https://www.horizontresort.sk/wp-content/uploads/2025/04/legs-3842677_1280-768x512.jpg 768w" sizes="auto, (max-width: 1280px) 100vw, 1280px" />
</div>
</div>
</div>
<p>A Tátra olyan hely, ahol a természet szépsége tökéletes pihenéssel párosul. Mindez mindössze egy lépésre az Ön szállásától.</p>

<p>Élje át a Magas-Tátra varázsát teljes egészében Adrenalin a Tátrában Ha egy kis izgalomra vágyik, a Magas-Tátra a legbátrabbak számára is tartogat élményeket. Sziklamászás és via ferrata utak várják, amelyek próbára teszik bátorságát és állóképességét. Nyáron adrenalinos hegyikerékpáros pályákon tekerhet, vagy rollerrel ereszkedhet le a 3 km hosszú aszfaltozott pályán a Start állomástól Tátralomnicig. A&#8230;</p>
